?
7, 9749
What are the prime factors of 6792565?
5, 13, 31, 3371
What are the prime factors of 1029255?
3, 5, 59, 1163
List the prime factors of 11056586.
2, 853, 6481
List the prime factors of 2986000.
2, 5, 1493
What are the prime factors of 32484199?
11, 89, 33181
List the prime factors of 150836.
2, 7, 5387
What are the prime factors of 322986?
2, 3, 53831
List the prime factors of 782297.
782297
What are the prime factors of 1973129?
1973129
List the prime factors of 7879720.
2, 5, 196993
What are the prime factors of 380449?
137, 2777
List the prime factors of 172871.
172871
List the prime factors of 1107967.
7, 83, 1907
What are the prime factors of 854460?
2, 3, 5, 47, 101
What are the prime factors of 19668830?
2, 5, 17, 37, 53, 59
List the prime factors of 3423868.
2, 7, 17, 7193
List the prime factors of 177881.
11, 103, 157
List the prime factors of 2817234.
2, 3, 7, 29, 257
What are the prime factors of 48486?
2, 3, 8081
What are the prime factors of 610485?
3, 5, 40699
What are the prime factors of 7077181?
7077181
List the prime factors of 679820.
2, 5, 19, 1789
What are the prime factors of 31614?
2, 3, 11, 479
List the prime factors of 14031881.
41, 342241
What are the prime factors of 660799?
660799
List the prime factors of 5529655.
5, 113, 9787
What are the prime factors of 673064?
2, 7, 17, 101
What are the prime factors of 483972?
2, 3, 31, 1301
List the prime factors of 81805.
5, 16361
List the prime factors of 6057.
3, 673
What are the prime factors of 1505961?
3, 167329
List the prime factors of 2403245.
5, 13, 36973
What are the prime factors of 1049581?
13, 80737
List the prime factors of 1136715.
3, 5, 75781
List the prime factors of 152386.
2, 13, 5861
List the prime factors of 379823.
67, 5669
List the prime factors of 377762.
2, 7, 11, 223
List the prime factors of 276627.
3, 13, 41, 173
List the prime factors of 1013747.
7, 97, 1493
What are the prime factors of 493164?
2, 3, 7, 19, 103
List the prime factors of 1511500.
2, 5, 3023
What are the prime factors of 534332?
2, 133583
What are the prime factors of 1030494?
2, 3, 41, 59, 71
List the prime factors of 1916008.
2, 37, 6473
List the prime factors of 15836.
2, 37, 107
What are the prime factors of 1723621?
1723621
List the prime factors of 1059608.
2, 11, 12041
List the prime factors of 829675.
5, 7, 11, 431
List the prime factors of 96839.
179, 541
List the prime factors of 83158.
2, 41579
What are the prime factors of 876198?
2, 3, 146033
What are the prime factors of 284900?
2, 5, 7, 11, 37
What are the prime factors of 7659070?
2, 5, 765907
List the prime factors of 15133336.
2, 1891667
List the prime factors of 11511653.
53, 217201
What are the prime factors of 188313?
3, 41, 1531
List the prime factors of 579884.
2, 29, 4999
List the prime factors of 2818576.
2, 176161
What are the prime factors of 327489?
3, 173, 631
List the prime factors of 8865901.
11, 805991
What are the prime factors of 4036326?
2, 3, 7, 13729
List the prime factors of 401919.
3, 7, 19139
What are the prime factors of 1440708?
2, 3, 211, 569
What are the prime factors of 239821?
23, 10427
What are the prime factors of 5342085?
3, 5, 7, 5653
List the prime factors of 353206.
2, 7, 25229
List the prime factors of 295492.
2, 31, 2383
What are the prime factors of 397076?
2, 53, 1873
What are the prime factors of 647261?
647261
What are the prime factors of 3225?
3, 5, 43
List the prime factors of 867131.
867131
List the prime factors of 2271124.
2, 109, 5209
List the prime factors of 772371.
3, 85819
List the prime factors of 6784144.
2, 29, 14621
What are the prime factors of 6410582?
2, 3205291
What are the prime factors of 3023183?
3023183
What are the prime factors of 5948112?
2, 3, 83, 1493
List the prime factors of 15918519.
3, 1039, 5107
What are the prime factors of 16222?
2, 8111
List the prime factors of 7911808.
2, 113, 547
List the prime factors of 623845.
5, 124769
What are the prime factors of 400056?
2, 3, 79, 211
List the prime factors of 9699329.
19, 41, 12451
What are the prime factors of 3901656?
2, 3, 11, 14779
What are the prime factors of 8462163?
3, 19, 31, 4789
What are the prime factors of 361261?
23, 113, 139
List the prime factors of 182033.
29, 6277
List the prime factors of 8374481.
8374481
List the prime factors of 15191697.
3, 19, 266521
What are the prime factors of 2934767?
11, 266797
What are the prime factors of 9299?
17, 547
What are the prime factors of 23709677?
23709677
List the prime factors of 2745185.
5, 549037
List the prime factors of 3599371.
3599371
What are the prime factors of 5373918?
2, 3, 11, 83, 109
List the prime factors of 377664.
2, 3, 7, 281
List the prime factors of 1467291.
3, 7, 107, 653
List the prime factors of 11757484.
2, 2939371
List the prime factors of 110993.
17, 6529
List the prime factors of 200359.
191, 1049
What are the prime factors of 330295?
5, 7, 9437
What are the prime factors of 4675608?
2, 3, 7, 9277
List the prime factors of 4092137.
7, 23, 3631
List the prime factors of 39718.
2, 7, 2837
What are the prime factors of 122616?
2, 3, 13, 131
List the prime factors of 167479.
13, 991
List the prime factors of 5794505.
5, 23, 50387
List the prime factors of 7128589.
13, 42181
What are the prime factors of 9949878?
2, 3, 59, 347
List the prime factors of 5337124.
2, 13, 197, 521
What are the prime factors of 8761648?
2, 7, 78229
What are the prime factors of 21009492?
2, 3, 7, 263, 317
What are the prime factors of 2363412?
2, 3, 37, 5323
List the prime factors of 956786.
2, 401, 1193
List the prime factors of 123449.
123449
What are the prime factors of 1819703?
41, 44383
What are the prime factors of 12066917?
12066917
What are the prime factors of 508540?
2, 5, 47, 541
List the prime factors of 46810.
2, 5, 31, 151
List the prime factors of 12328451.
17, 29, 1471
What are the prime factors of 205497?
3, 43, 59
List the prime factors of 17854441.
11, 71, 22861
List the prime factors of 203401.
11, 41
What are the prime factors of 4503785?
5, 11, 13, 6299
What are the prime factors of 328621?
328621
What are the prime factors of 9920288?
2, 7, 67, 661
What are the prime factors of 21100804?
2, 37, 142573
What are the prime factors of 1052032?
2, 8219
What are the prime factors of 10391979?
3, 13, 103, 199
List the prime factors of 998723.
11, 90793
List the prime factors of 1786055.
5, 357211
What are the prime factors of 5606009?
31, 139, 1301
List the prime factors of 66709.
19, 3511
What are the prime factors of 100939?
193, 523
List the prime factors of 677760.
2, 3, 5, 353
List the prime factors of 496014.
2, 3, 19, 229
List the prime factors of 495300.
2, 3, 5, 13, 127
What are the prime factors of 324214?
2, 11, 14737
List the prime factors of 3662203.
79, 151, 307
What are the prime factors of 133833?
3, 7, 6373
What are the prime factors of 4185537?
3, 1395179
What are the prime factors of 633640?
2, 5, 7, 31, 73
List the prime factors of 829051.
61, 13591
List the prime factors of 324863.
7, 11, 4219
List the prime factors of 5169627.
3, 29, 683
List the prime factors of 115984.
2, 11, 659
What are the prime factors of 703280?
2, 5, 59, 149
List the prime factors of 4209737.
7, 53, 1621
What are the prime factors of 17310086?
2, 2213, 3911
What are the prime factors of 21426470?
2, 5, 13, 43, 3833
List the prime factors of 281615.
5, 151, 373
List the prime factors of 10563904.
2, 13, 12697
List the prime factors of 3387193.
733, 4621
List the prime factors of 8469462.
2, 3, 523, 2699
What are the prime factors of 2302652?
2, 11, 59, 887
What are the prime factors of 27972?
2, 3, 7, 37
What are the prime factors of 3491394?
2, 3, 37, 15727
What are the prime factors of 10096847?
19, 59, 9007
List the prime factors of 898908.
2, 3, 173, 433
List the prime factors of 515892.
2, 3, 13, 3307
What are the prime factors of 161530?
2, 5, 29, 557
List the prime factors of 804981.
3, 151, 1777
What are the prime factors of 22582?
2, 7, 1613
What are the prime factors of 715142?
2, 357571
List the prime factors of 5438207.
59, 92173
What are the prime factors of 20271577?
20271577
List the prime factors of 561825.
3, 5, 11, 227
What are the prime factors of 71126?
2, 11, 53, 61
What are the prime factor